composite?
True
Is 55493 a composite number?
True
Is 9865 a prime number?
False
Is 110311 composite?
False
Is 11053 a composite number?
True
Is 69143 a prime number?
True
Is 1751367 a prime number?
False
Is 510695 composite?
True
Is 1537457 prime?
True
Is 74615 prime?
False
Is 9442 composite?
True
Is 83417 a prime number?
True
Is 502 composite?
True
Is 8999 a prime number?
True
Is 24359 composite?
False
Is 4058 composite?
True
Is 22679 a composite number?
False
Is 97673 a prime number?
True
Is 1511 composite?
False
Is 329151 composite?
True
Is 57235 a prime number?
False
Is 183271 prime?
False
Is 38543 composite?
False
Is 327863 a prime number?
False
Is 88289 composite?
False
Is 18895 prime?
False
Is 16663 prime?
False
Is 796291 a composite number?
False
Is 853 prime?
True
Is 110719 composite?
True
Is 15689 prime?
False
Is 234967 composite?
False
Is 2112139 a composite number?
False
Is 212813 a prime number?
False
Is 114518 composite?
True
Is 573133 prime?
False
Is 2521 a prime number?
True
Is 625511 a composite number?
True
Is 3386 prime?
False
Is 14727 prime?
False
Is 10193 composite?
False
Is 28277 a composite number?
False
Is 2604011 composite?
False
Is 23423 composite?
True
Is 31495 composite?
True
Is 207763 a composite number?
False
Is 340957 composite?
False
Is 170531 prime?
False
Is 179717 a composite number?
False
Is 29381 a prime number?
False
Is 275141 composite?
True
Is 3203 a prime number?
True
Is 34233 prime?
False
Is 169513 a prime number?
False
Is 42429 prime?
False
Is 297233 a prime number?
True
Is 3365 a prime number?
False
Is 1205 a composite number?
True
Is 171611 prime?
False
Is 838349 a composite number?
False
Is 330347 a prime number?
True
Is 1122623 prime?
True
Is 4435 a composite number?
True
Is 17707 prime?
True
Is 386651 a prime number?
True
Is 1526207 prime?
False
Is 232391 prime?
True
Is 5318 prime?
False
Is 196609 a prime number?
False
Is 951 composite?
True
Is 1389437 composite?
True
Is 2359 a prime number?
False
Is 6463 composite?
True
Is 6963401 composite?
False
Is 3557 composite?
False
Is 404321 a composite number?
False
Is 276103 a prime number?
False
Is 20287 composite?
False
Is 59071 composite?
True
Is 12047 composite?
True
Is 877843 a prime number?
True
Is 232369 composite?
True
Is 16033 a composite number?
False
Is 664357 composite?
False
Is 21647 a prime number?
True
Is 487349 a prime number?
True
Is 2403003 composite?
True
Is 11213 prime?
True
Is 780359 prime?
False
Is 4037 prime?
False
Is 1664227 a prime number?
True
Is 128461 prime?
True
Is 144749 a prime number?
False
Is 55201 prime?
True
Is 8899 prime?
False
Is 18463 a prime number?
False
Is 31687 composite?
False
Is 25511 a composite number?
True
Is 1267138 prime?
False
Is 109423 a prime number?
True
Is 32647 a prime number?
True
Is 6245 a composite number?
True
Is 247183 composite?
False
Is 17151 a prime number?
False
Is 151889 composite?
True
Is 30757 a prime number?
True
Is 94889 a prime number?
True
Is 285257 a prime number?
False
Is 264811 a prime number?
True
Is 158269 a prime number?
True
Is 1123 composite?
False
Is 247873 a prime number?
True
Is 1219 composite?
True
Is 74843 prime?
True
Is 23929 composite?
False
Is 21881 prime?
True
Is 25937 a composite number?
True
Is 12679 prime?
False
Is 1425991 prime?
False
Is 275543 prime?
True
Is 874637 composite?
False
Is 66571 composite?
False
Is 166717 prime?
False
Is 962779 a composite number?
False
Is 82 composite?
True
Is 4971 a composite number?
True
Is 10321 composite?
False
Is 56299 prime?
True
Is 1143391 prime?
True
Is 70271 composite?
False
Is 697 a composite number?
True
Is 762959 composite?
False
Is 80763 prime?
False
Is 3959 prime?
False
Is 65677 a composite number?
False
Is 14281 prime?
True
Is 12539 prime?
True
Is 6281 prime?
False
Is 154667 prime?
True
Is 328519 a composite number?
False
Is 378254 prime?
False
Is 119177 a prime number?
False
Is 3669 composite?
True
Is 41254 prime?
False
Is 21763 composite?
True
Is 662743 prime?
True
Is 66727 a composite number?
True
Is 41487 prime?
False
Is 546914 composite?
True
Is 309899 composite?
False
Is 870761 prime?
False
Is 22921 a prime number?
True
Is 815 composite?
True
Is 21623 composite?
True
Is 7741 prime?
True
Is 111669 composite?
True
Is 108687 a composite number?
True
Is 19739 prime?
True
Is 84313 prime?
True
Is 5953 a prime number?
True
Is 23659 prime?
False
Is 640673 prime?
False
Is 90101 prime?
False
Is 50437 composite?
True
Is 256415 prime?
False
Is 41047 a prime number?
True
Is 3863 composite?
False
Is 4829 a composite number?
True
Is 619657 a prime number?
True
Is 219997 prime?
False
Is 77377 composite?
False
Is 102659 prime?
False
Is 106309 prime?
False
Is 135197 composite?
False
Is 2921 prime?
False
Is 866183 a prime number?
True
Is 34457 composite?
False
Is 70043 a prime number?
False
Is 1267009 prime?
True
Is 16015 composite?
True
Is 3247 a prime number?
False
Is 130043 a prime number?
True
Is 337501 prime?
False
Is 8147 prime?
True
Is 205297 a prime number?
True
Is 129697 prime?
False
Is 38293 a prime number?
False
Is 1820503 composite?
True
Is 995639 a composite number?
True
Is 94201 composite?
False
Is 432479 prime?
True
Is 129671 composite?
False
Is 23189 composite?
False
Is 356089 prime?
False
Is 115547 prime?
True
Is 727 prime?
True
Is 718 a prime number?
False
Is 36401 a prime number?
False
Is 1060873 composite?
True
Is 51749 a prime number?
True
Is 851597 composite?
False
Is 107827 composite?
False
Is 41489 a composite number?
True
Is 92987 a prime number?
True
Is 41539 a prime number?
True
Is 511519 a prime number?
True
Is 89 a prime number?
True
Is 403483 prime?
True
Is 63521 a prime number?
True
Is 18901 composite?
True
Is 110183 a composite number?
False
Is 40693 composite?
False
Is 3761 composite?
False
Is 368773 a composite number?
False
Is 734269 composite?
True
Is 1767445 a composite number?
True
Is 33779 prime?
False
Is 6901 a prime number?
False
Is 74549 a composite number?
True
Is 2494378 a composite number?
True
Is 3109 a composite number?
False
Is 7162 prime?
False
Is 326497 prime?
True
Is 3683 a prime number?
False
Is 452185 prime?
False
Is 941197 a prime number?
False
Is 3049 a prime number?
True
Is 99523 a composite number?
False
Is 2495 a composite number?
True
Is 15706 a prime number?
False
Is 1224329 composite?
False
Is 2893 composite?
True
Is 544259 prime?
True
Is 1922909 a prime number?
True
Is 371 prime?
False
Is 186785 prime?
False
Is 3008969 composite?
True
Is 6927 prime?
False
Is 248705 a prime number?
False
Is 134819 prime?
False
Is 53435 composite?
True
Is 125453 prime?
True
Is 60271 prime?
True
Is 25735 prime?
False
Is 2552893 prime?
False
Is 34841 prime?
True
Is 196433 a prime number?
False
Is 1430177 a prime number?
False
Is 5471 composite?
False
Is 9089 composite?
True
Is 4853 prime?
False
Is 1573907 a prime number?
True
Is 136281 a prime number?
False
Is 59227 composite?
True
Is 175549 prime?
False
Is 53297 composite?
True
Is 23554 prime?
False
Is 175847 a prime number?
False
Is 16123 composite?
True
Is 1931 prime?
True
Is 80485 a composite number?
True
Is 2665667 composite?
False
Is 83773 a prime number?
True
Is 32866 a prime number?
False
Is 451471 composite?
True
Is 1151923 prime?
False
Is 3119 a composite number?
False
Is 5167 composite?
False
Is 50411 prime?
True
Is 1436021 prime?
True
Is 1207607 a composite number?
True
Is 186809 composite?
True
Is 77393 a prime number?
False
Is 388961 prime?
True
Is 25561 a prime number?
True
Is 1715099 composite?
False
Is 66739 prime?
True
Is 2999 a composite number?
False
Is 1919 prime?
False
Is 10393 a composite number?
True
Is 126353 a composite number?
True
Is 511211 prime?
True
Is 13579 composite?
True
Is 11246 a composite number?
True
Is 75913 prime?
True
Is 143393 a prime number?
False
Is 67582 a composite number?
True
Is 25381 a prime number?
False
Is 167711 composite?
False
Is 3199 a composite number?
True
Is 229867 composite?
True
Is 19347 composite?
True
Is 26882 prime?
False
Is 111697 a prime number?
True
Is 633187 prime?
True
Is 3637 a composite number?
False
Is 10993 a composite number?
False
Is 844087 prime?
True
Is 105727 prime?
True
Is 486823 composite?
True
Is 991 prime?
True
Is 688991 composite?
True
Is 158183 composite?